 3, 5, 79, 2251
List the prime factors of 29293722.
2, 3, 1627429
List the prime factors of 315086861.
19, 1327, 12497
What are the prime factors of 130567030?
2, 5, 11, 1186973
List the prime factors of 824812922.
2, 97, 1997, 2129
List the prime factors of 4212499878.
2, 3, 78009257
List the prime factors of 549488057.
549488057
What are the prime factors of 44140225?
5, 1765609
List the prime factors of 83402861.
1499, 55639
What are the prime factors of 56234768?
2, 3514673
List the prime factors of 1305667826.
2, 53, 367, 33563
List the prime factors of 130488353.
59, 2211667
List the prime factors of 96990357.
3, 37, 873787
What are the prime factors of 2739599645?
5, 19, 107, 269513
List the prime factors of 400874693.
6863, 58411
What are the prime factors of 238338922?
2, 113, 1054597
List the prime factors of 3023991525.
3, 5, 251, 160637
List the prime factors of 61683037.
13, 4744849
List the prime factors of 278582682.
2, 3, 7, 6632921
What are the prime factors of 90008993?
89, 337, 3001
List the prime factors of 847111784.
2, 105888973
What are the prime factors of 88568778?
2, 3, 14761463
What are the prime factors of 39600350?
2, 5, 67, 11821
What are the prime factors of 366349746?
2, 3, 7, 8722613
What are the prime factors of 7495044?
2, 3, 19, 71, 463
What are the prime factors of 51814884?
2, 3, 11, 173, 2269
List the prime factors of 27303213.
3, 7, 1300153
What are the prime factors of 3049910688?
2, 3, 11, 109, 26497
What are the prime factors of 414650201?
7, 8462249
List the prime factors of 25481589.
3, 7, 17, 137, 521
What are the prime factors of 283994529?
3, 7, 13, 80021
What are the prime factors of 3795472610?
2, 5, 337, 1126253
List the prime factors of 56030317.
7, 17, 157, 2999
List the prime factors of 274442316.
2, 3, 619, 36947
List the prime factors of 53840557.
53840557
List the prime factors of 2382293796.
2, 3, 19, 107, 97651
List the prime factors of 113347808.
2, 7, 71, 7127
What are the prime factors of 2964091006?
2, 23, 64436761
List the prime factors of 166595196.
2, 3, 839, 16547
What are the prime factors of 411872551?
3769, 109279
List the prime factors of 2504459418.
2, 3, 417409903
List the prime factors of 1018339174.
2, 59, 97, 88969
What are the prime factors of 2222891421?
3, 2953, 250919
What are the prime factors of 96662476?
2, 17, 211, 6737
List the prime factors of 22405627.
157, 142711
List the prime factors of 30447304.
2, 59, 251, 257
List the prime factors of 82861355.
5, 409, 40519
What are the prime factors of 348690716?
2, 11, 911, 8699
What are the prime factors of 1020978301?
7, 145854043
List the prime factors of 1127977660.
2, 5, 6143, 9181
What are the prime factors of 553380540?
2, 3, 5, 9223009
What are the prime factors of 14770305?
3, 5, 11, 53, 563
What are the prime factors of 48706975?
5, 19, 41, 61
What are the prime factors of 280185563?
7, 23, 1740283
What are the prime factors of 23755210?
2, 5, 47, 50543
List the prime factors of 136878502.
2, 3929, 17419
What are the prime factors of 896413080?
2, 3, 5, 2423, 3083
List the prime factors of 1327264905.
3, 5, 137, 211, 3061
What are the prime factors of 594454525?
5, 7, 179, 2711
What are the prime factors of 169721164?
2, 4969, 8539
List the prime factors of 1729849.
11, 157259
List the prime factors of 2849135531.
11, 37, 7000333
What are the prime factors of 4896019416?
2, 3, 137, 1489057
What are the prime factors of 91957518?
2, 3, 59, 1069
List the prime factors of 51604933.
79, 523, 1249
List the prime factors of 206867285.
5, 109, 379573
List the prime factors of 1329864492.
2, 3, 11, 19, 530249
What are the prime factors of 1561848705?
3, 5, 5477, 6337
What are the prime factors of 92511693?
3, 3426359
List the prime factors of 67513699.
11, 6137609
What are the prime factors of 9115827634?
2, 4557913817
List the prime factors of 101610392.
2, 13, 977023
List the prime factors of 922623202.
2, 73, 6319337
What are the prime factors of 1786738527?
3, 7, 9453643
What are the prime factors of 116652315?
3, 5, 13, 239, 2503
List the prime factors of 494293136.
2, 3623, 8527
What are the prime factors of 101845165?
5, 20369033
List the prime factors of 2934140926.
2, 919, 1596377
What are the prime factors of 3106610821?
17, 2683, 68111
List the prime factors of 2227775614.
2, 1113887807
List the prime factors of 239350205.
5, 47870041
What are the prime factors of 91529819?
17, 5384107
List the prime factors of 3200706018.
2, 3, 139, 683, 1873
What are the prime factors of 7408890?
2, 3, 5, 191, 431
What are the prime factors of 741407801?
741407801
What are the prime factors of 35396956?
2, 7, 1264177
What are the prime factors of 1996262077?
17, 2741, 42841
List the prime factors of 215339439.
3, 7, 59, 151, 1151
List the prime factors of 222948561.
3, 11, 6756017
List the prime factors of 68152831.
173, 393947
What are the prime factors of 1552130059?
1552130059
List the prime factors of 196581105.
3, 5, 7, 624067
List the prime factors of 5247841.
23, 83, 2749
What are the prime factors of 23710002?
2, 3, 17, 232451
What are the prime factors of 2677475?
5, 107099
List the prime factors of 2667536747.
47, 89, 637709
What are the prime factors of 15160496?
2, 13, 23, 3169
What are the prime factors of 6309593956?
2, 23, 68582543
What are the prime factors of 2247840689?
9649, 232961
What are the prime factors of 122496242?
2, 11, 607, 9173
List the prime factors of 51989297.
179, 290443
What are the prime factors of 743976450?
2, 3, 5, 7, 257, 919
What are the prime factors of 117552508?
2, 29388127
List the prime factors of 36262020.
2, 3, 5, 17, 73, 487
List the prime factors of 107917312.
2, 26347
List the prime factors of 106038086.
2, 7, 11, 43, 67, 239
List the prime factors of 545005326.
2, 3, 47, 131, 14753
List the prime factors of 1005952147.
2137, 470731
What are the prime factors of 465899879?
465899879
List the prime factors of 2396827347.
3, 798942449
List the prime factors of 54117974.
2, 27058987
What are the prime factors of 156675697?
83, 1887659
What are the prime factors of 54753968?
2, 137, 24979
What are the prime factors of 26865531?
3, 7, 11, 38767
What are the prime factors of 351967906?
2, 175983953
List the prime factors of 3872534789.
197, 19657537
What are the prime factors of 661426472?
2, 7, 11811187
List the prime factors of 2298022542.
2, 3, 89, 478157
List the prime factors of 61712044.
2, 15428011
What are the prime factors of 981445549?
7, 20029501
List the prime factors of 312316179.
3, 7, 14872199
List the prime factors of 140680862.
2, 7, 1435519
List the prime factors of 1015701558.
2, 3, 169283593
What are the prime factors of 673492074?
2, 3, 103, 1089793
List the prime factors of 16011512.
2, 11, 53, 3433
List the prime factors of 481485723.
3, 160495241
What are the prime factors of 4769037590?
2, 5, 41, 11631799
What are the prime factors of 135205590?
2, 3, 5, 13, 17, 20393
What are the prime factors of 402722527?
673, 598399
What are the prime factors of 94101894?
2, 3, 61, 85703
List the prime factors of 1698102117.
3, 191, 329281
List the prime factors of 6059516194.
2, 283, 10705859
List the prime factors of 2864332957.
16603, 172519
What are the prime factors of 2176467690?
2, 3, 5, 23, 29, 108769
What are the prime factors of 139509746?
2, 71, 199, 4937
List the prime factors of 2645093158.
2, 331, 3995609
List the prime factors of 210739116.
2, 3, 7, 31, 80929
List the prime factors of 1130138222.
2, 19843, 28477
List the prime factors of 150239230.
2, 5, 15023923
What are the prime factors of 49867353?
3, 1846939
List the prime factors of 39626975.
5, 271, 5849
What are the prime factors of 212150571?
3, 2143, 32999
List the prime factors of 80234250.
2, 3, 5, 106979
What are the prime factors of 349452036?
2, 3, 359, 9013
List the prime factors of 403190736.
2, 3, 13, 23, 2161
What are the prime factors of 51099887?
1279, 39953
List the prime factors of 4883500448.
2, 152609389
List the prime factors of 110172558.
2, 3, 18362093
List the prime factors of 974898019.
5101, 191119
List the prime factors of 296237372.
2, 74059343
List the prime factors of 147596779.
11, 47, 67, 4261
List the prime factors of 1054949037.
3, 29, 12125851
What are 